 = -3746*i - 12485. Give q(-3).
-1247
Let h(w) = 8*w**2 + 2861*w - 3961. Determine h(-359).
-12
Let g(r) = 2*r**3 - 31*r**2 - 395*r + 412. Calculate g(-9).
-2
Let t(l) = -l**3 + 201*l**2 + 582*l + 6104. Determine t(204).
-16
Let f(m) = -161*m**2 + 1610*m + 518. Give f(9).
1967
Let g(a) = -2*a**2 - 69*a + 534. What is g(-70)?
-4436
Let z(y) = -38*y**2 + 3031*y - 16258. Determine z(74).
-52
Let b(i) = -164*i**3 - 2*i**2 + 625*i + 624. What is b(-1)?
161
Let i(g) = 121*g**2 - 8493*g - 7065. What is i(71)?
-107
Let s(d) = -95605*d + 286833. Determine s(3).
18
Let v(l) = -8*l**3 - 2*l**2 - 50*l + 207. Calculate v(6).
-1893
Let x(g) = 3*g**3 + 2267*g**2 + 1540*g + 22640. Determine x(-755).
-10
Let k(h) = -8*h**2 + 2460*h + 233157. Calculate k(-76).
-11
Let s(k) = 5*k**3 - 953*k**2 + 4312*k - 6333. Give s(186).
-9
Let d(q) = -290*q - 2265. What is d(-6)?
-525
Let c(j) = 1166*j**2 - 88612*j - 302. Determine c(76).
2
Let u(q) = -2*q**3 + 518*q**2 + 11178*q - 5049. Calculate u(279).
-27
Let q(b) = -2*b**3 - 23*b**2 - 203*b - 361. Determine q(-5).
329
Let i(a) = -a**2 + 40565*a - 202792. Determine i(5).
8
Let o(i) = -7*i**3 + 414*i**2 - 79*i + 660. Calculate o(59).
-520
Let v(c) = 3*c**3 - 208*c**2 + 3543*c + 240. Calculate v(39).
6
Let n(y) = -4*y**3 - 90*y**2 - 491*y + 193. Give n(-11).
28
Let g(j) = -352008*j - 2464050. Calculate g(-7).
6
Let d(j) = -3*j**3 + 18*j**2 + 199*j - 1198. Give d(6).
-4
Let f(q) = 9*q**2 + 4*q - 181. What is f(-11)?
864
Let f(j) = j**3 - 10*j**2 - 569*j + 6108. Give f(11).
-30
Let n(u) = -1393*u + 75098. Give n(54).
-124
Let m(t) = 2791*t - 10666. Give m(5).
3289
Let h(g) = 2*g**3 - 74*g**2 + 199*g - 4563. Determine h(36).
9
Let a(o) = o**3 - 306*o + 25. What is a(-17)?
314
Let g(z) = -4960*z - 4816124. Give g(-971).
36
Let k(d) = d**3 + 151*d**2 + 873*d + 150. Determine k(-145).
-285
Let j(q) = -105504*q - 422006. Calculate j(-4).
10
Let f(t) = 23*t**3 - 199*t**2 - 78*t + 31. Give f(9).
-23
Let k(u) = u**2 - 102*u - 3472. Give k(120).
-1312
Let s(r) = -3880*r + 54617. Determine s(14).
297
Let y(j) = 561*j - 2083. Determine y(4).
161
Let p(w) = -w**3 - 4*w**2 - 32482*w + 293401. Give p(9).
10
Let a(c) = c**3 + 3055*c**2 - 18368*c + 10. Calculate a(6).
-2
Let q(p) = -249*p**2 - 15*p + 38. What is q(2)?
-988
Let t(o) = -o**2 + 58277*o - 233091. Give t(4).
1
Let g(r) = -426973*r + 24. What is g(0)?
24
Let a(d) = 407*d**2 + 47205*d - 600. Give a(-116).
212
Let d(l) = -l**3 + 27*l**2 + 850*l - 21486. What is d(23)?
180
Let a(s) = 3*s**2 + 2317*s + 29820. Give a(-13).
206
Let t(d) = -5*d + 698. What is t(124)?
78
Let x(k) = -5906*k - 77243. What is x(-14)?
5441
Let m(b) = 10623*b**2 - 892332*b + 7. Give m(84).
7
Let t(m) = -6611*m - 244684. Give t(-37).
-77
Let u(k) = 278316*k + 3339745. Determine u(-12).
-47
Let v(h) = -14*h**2 - 2120*h + 20263. Calculate v(9).
49
Let i(n) = -6*n**2 - 186*n + 386. Determine i(-33).
-10
Let g(n) = 3*n**3 - 172*n**2 + 1559*n + 204. Calculate g(46).
-26
Let l(w) = -w**3 - w**2 - 17*w + 64. Calculate l(7).
-447
Let c(j) = 2*j**3 + 11*j**2 + 3*j - 12. What is c(-6)?
-66
Let i(h) = 55345*h + 1771081. Calculate i(-32).
41
Let f(a) = -52*a - 1162. What is f(-23)?
34
Let q(j) = j**3 + 124*j**2 + 746*j + 76530. Determine q(-123).
-99
Let h(v) = 133*v**3 - 158*v**2 + 24*v - 9. Calculate h(1).
-10
Let l(c) = 5*c**3 - 5*c**2 - 235*c - 233. Determine l(-1).
-8
Let v(g) = 144*g**2 + 1117*g - 3338. Determine v(3).
1309
Let k(b) = 49*b**3 - 108*b**2 + 17*b + 17. What is k(2)?
11
Let t(p) = -2*p**3 - 144*p**2 + 9893*p - 114. Give t(43).
15
Let r(v) = 5015*v - 2231691. Give r(445).
-16
Let p(x) = -3*x**3 + 2*x**2 - 291*x - 1462. Calculate p(-5).
418
Let i(u) = -u**2 + 1356*u - 158116. What is i(128)?
-932
Let z(h) = -h**3 + 19*h**2 - 584*h + 6006. What is z(12)?
6
Let d(b) = -239*b - 33968. Calculate d(-142).
-30
Let m(n) = 41*n**2 - 12921*n - 24126. Give m(317).
-34
Let n(c) = -841*c**3 - 765*c**2 + 2*c - 2. Determine n(-1).
72
Let j(u) = u**3 - 17*u**2 + 8120*u + 32819. Give j(-4).
3
Let h(f) = -27*f + 2898. What is h(94)?
360
Let z(h) = -617*h - 16695. Calculate z(-27).
-36
Let x(m) = -m**3 - 235*m**2 - 5*m - 5256. Give x(-235).
-4081
Let r(c) = -c**3 + 28*c**2 + 141*c - 428. What is r(32)?
-12
Let c(h) = -97*h**2 + 2238*h - 29. Determine c(23).
132
Let u(m) = 22*m**2 - 560*m + 2137. Give u(21).
79
Let p(m) = -98*m**3 + m**2 - 15*m - 34. What is p(-2)?
784
Let w(r) = 3*r**3 - 20*r**2 + 3742*r - 18581. Give w(5).
4
Let v(l) = -496*l + 1638. What is v(0)?
1638
Let r(c) = 96*c**2 - 9771*c - 2127. Calculate r(102).
15
Let s(t) = -53183*t + 319229. Determine s(6).
131
Let v(c) = 3*c**3 + 348*c**2 + 8210*c - 576. Determine v(-83).
5
Let l(a) = 182*a + 15820. Give l(-87).
-14
Let m(p) = 1170289*p - 14043463. Calculate m(12).
5
Let q(h) = h**2 + 2889*h - 1374905. Give q(416).
-25
Let i(d) = 42*d + 2032. Give i(-72).
-992
Let s(q) = -2782*q - 47940. What is s(-17)?
-646
Let x(a) = a**3 + 16*a**2 + 57*a - 147. Give x(-22).
-4305
Let g(a) = -470*a - 5669. What is g(-14)?
911
Let s(r) = 1178*r**2 + 411*r + 410. Determine s(-1).
1177
Let t(z) = -28*z**3 - 109*z**2 + 147*z + 2. Determine t(-5).
42
Let o(z) = 59*z**2 + 232*z + 460. What is o(-4)?
476
Let s(b) = 4*b**3 - 27*b**2 + 162*b - 1203. Give s(7).
-20
Let o(v) = -2144*v - 23046. Give o(-9).
-3750
Let v(r) = 2*r**3 + 137*r**2 - 537*r - 2687. What is v(-72)?
-311
Let t(y) = 12*y**2 + 10434*y - 41711. Determine t(4).
217
Let s(z) = -z**2 - 4213*z - 2396730. Determine s(-678).
0
Let j(w) = -w**3 - 34*w**2 - 257*w + 22. Determine j(-11).
66
Let x(w) = 18*w**2 + 84*w - 18. Give x(-2).
-114
Let u(n) = -n**3 - 367*n**2 - 6936*n + 774. What is u(-347)?
-614
Let s(m) = -8753*m + 70267. Give s(8).
243
Let b(o) = -46*o**2 - 2929*o - 2898. Calculate b(-1).
-15
Let g(n) = 553*n + 11863. What is g(-22)?
-303
Let c(t) = -t**3 - 33*t**2 - 180*t + 1566. What is c(-19)?
-68
Let q(z) = -z**2 + 49*z - 220. What is q(43)?
38
Let z(o) = -3*o**3 - 2699*o**2 + 6322*o + 7213. What is z(-902)?
-3
Let n(j) = -2*j**2 + 40*j + 79. Calculate n(-3).
-59
Let r(s) = -s**3 - 26*s**2 + 677*s - 394. What is r(-42)?
-604
Let t(b) = b**3 + 14*b**2 - 683*b - 83. Give t(-34).
19
Let w(i) = -14*i**2 - 33*i + 179. Give w(3).
-46
Let x(l) = -4*l**2 - 1493*l - 19937. What is x(-14)?
181
Let o(b) = 200*b - 28321. Calculate o(143).
279
Let c(w) = w**3 + 164*w**2 + 6399*w - 119. What is c(-100)?
-19
Let h(o) = -o**3 - 21*o**2 + 170*o - 78. Give h(6).
-30
Let v(n) = n**2 + 192*n + 2764. Determine v(-16).
-52
Let k(c) = -c**3 + 74*c**2 + 472*c + 732. What is k(80)?
92
Let k(s) = 16*s**3 + 259*s**2 + 55*s + 86. Calculate k(-16).
-26
Let o(a) = 2*a**2 + 37*a - 889. What is o(-45)?
1496
Let p(d) = -d**3 + 44*d**2 - 343*d - 3231. Give p(23).
-11
Let q(l) = 6*l**3 - 5*l**2 - 46*l + 34. What is q(3)?
13
Let j(w) = -w**2 - 2146*w + 229295. What is j(102)?
-1
Let b(i) = -49*i**2 - 4175*i - 858. Give b(-85).
-8
Let z(u) = u**2 - 117*u - 1198. Calculate z(135).
1232
Let c(d) = 1804*d - 63114. Calculate c(35).
26
Let v(d) = 3*d**2 + 145*d + 1052. What is v(-38)?
-126
Let r(q) = 1691*q - 8445. Give r(5).
10
Let j(b) = 540*b - 584. Determine j(0).
-584
Let l(o) = 877*o**2 - 20205*o + 553. Calculate l(23).
-229
Let x(g) = -1460*g - 8970. Calculate x(-6).
-210
Let j(l) = -7070*l + 10732291. Give j(1518).
31
Let w(p) = 20*p**2 - 7*p - 167. Calculate w(-3).
34
Let j(n) = 12*n**2 - 823294*n - 823294. Determine j(-1).
12
Let n(s) = s**3 + 71*s**2 + 26*s - 6807. Give n(-69).
921
Let t(y) = -17*y**2 - 251*y - 1069. Give t(-9).
-187
Let r(j) = -j**3 + 9*j**2 + 137*j - 1455. Calculate r(10).
-185
Let x(n) = -n**2 + 24157*n + 459358. Calculate x(-19).
14
Let d(v) = 67155*v + 1208780. Calculate d(-18).
-10
Let t(l) = -967*l - 11466. Give t(-12).
138
Let g(f) = 2*f**3 + 215*f**2 - 757*f + 2151. Determine g(-111).
-69
Let y(m) = 347*m - 2107. What is y(7)?
322
Let k(m) = 2609*m - 206. What is k(0)?
-206
Let c(j) = -1994*j + 13029. Give c(7).
-929
Let x(j) = 14*j**2 + 2580*j - 12482. Determine x(-189).
-8
Let x(b) = 542*b + 5770. Calculate x(-11).
-192
Let k(j) = -2*j**2 + 1534*j + 26658. What is k(-17)?
2
Let c(m) = 6*m**2 - 78*m + 1. Calculate c(11).
-131
Let x(l) = 1155*l**2 - 545*l + 543. Calculate x(1).
1153
Let s(h) = 31176*h + 2104379